 is 10 (base 14) in base 8?
16
12 (base 3) to base 10
5
-2 (base 15) to base 14
-2
What is 212 (base 3) in base 6?
35
What is -8 (base 15) in base 16?
-8
Convert 10 (base 5) to base 15.
5
Convert 12 (base 4) to base 3.
20
d (base 16) to base 8
15
Convert 42 (base 5) to base 4.
112
10002 (base 3) to base 13
65
What is 0 (base 5) in base 14?
0
What is -1 (base 6) in base 2?
-1
Convert 233 (base 5) to base 12.
58
What is -1211 (base 3) in base 11?
-45
-1d (base 16) to base 3
-1002
What is 113 (base 7) in base 5?
214
What is 2002 (base 3) in base 7?
110
What is -120 (base 4) in base 10?
-24
81 (base 9) to base 3
2201
Convert -1 (base 13) to base 16.
-1
Convert -142 (base 8) to base 9.
-118
Convert -107 (base 13) to base 12.
-128
-17 (base 14) to base 4
-111
Convert 21 (base 15) to base 7.
43
What is -7 (base 11) in base 4?
-13
What is 2 (base 6) in base 4?
2
Convert 3 (base 16) to base 10.
3
What is 0 (base 15) in base 8?
0
1112 (base 3) to base 8
51
What is -5 (base 7) in base 14?
-5
2 (base 10) to base 12
2
What is 0 (base 11) in base 8?
0
5 (base 13) to base 9
5
71 (base 11) to base 4
1032
Convert 10 (base 6) to base 4.
12
-21 (base 9) to base 14
-15
What is -254 (base 7) in base 9?
-162
-6 (base 15) to base 5
-11
Convert 24 (base 6) to base 12.
14
Convert 29 (base 13) to base 8.
43
Convert 12 (base 7) to base 2.
1001
-2 (base 12) to base 10
-2
Convert -100 (base 11) to base 16.
-79
-4 (base 16) to base 6
-4
214 (base 9) to base 10
175
What is 0 (base 6) in base 13?
0
Convert -1 (base 12) to base 13.
-1
Convert -2 (base 4) to base 3.
-2
Convert 23 (base 4) to base 12.
b
What is -4 (base 13) in base 3?
-11
What is 1002 (base 4) in base 8?
102
111 (base 2) to base 12
7
133 (base 7) to base 14
53
-141 (base 8) to base 13
-76
Convert 382 (base 9) to base 16.
13d
-11100 (base 2) to base 3
-1001
Convert -112 (base 3) to base 15.
-e
What is 37 (base 10) in base 8?
45
Convert -311 (base 5) to base 16.
-51
Convert a8 (base 14) to base 9.
174
Convert 105 (base 7) to base 12.
46
What is -5 (base 9) in base 13?
-5
Convert -10 (base 5) to base 16.
-5
Convert 32 (base 7) to base 4.
113
Convert -101 (base 6) to base 9.
-41
What is 15 (base 6) in base 12?
b
1 (base 2) to base 12
1
-3 (base 12) to base 7
-3
What is -3 (base 10) in base 14?
-3
What is -3 (base 7) in base 15?
-3
What is 83 (base 13) in base 9?
128
What is -7 (base 16) in base 4?
-13
-20a (base 11) to base 13
-165
What is -121 (base 4) in base 5?
-100
Convert 0 (base 2) to base 3.
0
Convert 3 (base 10) to base 14.
3
What is 0 (base 12) in base 4?
0
What is -111 (base 2) in base 12?
-7
Convert -1001 (base 2) to base 7.
-12
What is -8 (base 15) in base 7?
-11
Convert 25 (base 7) to base 12.
17
What is 3321 (base 4) in base 9?
306
Convert 2 (base 13) to base 5.
2
-12 (base 8) to base 16
-a
-1000 (base 3) to base 5
-102
Convert -2 (base 5) to base 15.
-2
Convert 100110110 (base 2) to base 16.
136
3 (base 14) to base 9
3
Convert -2121 (base 3) to base 16.
-46
Convert 0 (base 14) to base 8.
0
-2 (base 12) to base 8
-2
Convert -32 (base 6) to base 5.
-40
What is -11000 (base 2) in base 11?
-22
Convert -3 (base 12) to base 2.
-11
Convert 6a (base 14) to base 8.
136
Convert -f (base 16) to base 8.
-17
Convert 1 (base 16) to base 14.
1
What is -2 (base 16) in base 3?
-2
-42 (base 11) to base 14
-34
What is -2 (base 7) in base 11?
-2
-11 (base 7) to base 6
-12
Convert 2 (base 14) to base 2.
10
0 (base 4) to base 9
0
Convert 1001100 (base 2) to base 10.
76
What is -44 (base 16) in base 7?
-125
Convert 7a (base 11) to base 13.
69
What is 0 (base 7) in base 14?
0
What is -19 (base 14) in base 8?
-27
What is -12 (base 10) in base 3?
-110
Convert 1c (base 16) to base 5.
103
Convert -3 (base 16) to base 13.
-3
What is 22 (base 7) in base 11?
15
What is 2 (base 12) in base 10?
2
Convert -1 (base 12) to base 9.
-1
-161 (base 11) to base 12
-138
Convert -29 (base 14) to base 3.
-1101
27 (base 9) to base 6
41
-2 (base 5) to base 3
-2
-22 (base 11) to base 13
-1b
19 (base 13) to base 14
18
What is -113 (base 6) in base 8?
-55
What is 1202 (base 3) in base 6?
115
Convert 5b (base 15) to base 3.
10012
What is -4 (base 8) in base 11?
-4
-1 (base 4) to base 10
-1
-c (base 14) to base 6
-20
3 (base 12) to base 4
3
Convert 6 (base 14) to base 2.
110
Convert -1 (base 8) to base 10.
-1
-1 (base 16) to base 15
-1
What is 11 (base 4) in base 7?
5
What is 2 (base 11) in base 8?
2
What is 12 (base 3) in base 6?
5
-3 (base 13) to base 16
-3
Convert -553 (base 6) to base 5.
-1323
324 (base 11) to base 10
389
-84 (base 9) to base 8
-114
-92 (base 15) to base 2
-10001001
-100 (base 7) to base 9
-54
What is -bb (base 15) in base 14?
-c8
Convert -113 (base 4) to base 8.
-27
Convert 23 (base 4) to base 14.
b
What is 116 (base 7) in base 13?
4a
Convert -3 (base 12) to base 8.
-3
Convert -1200 (base 3) to base 10.
-45
What is 6 (base 13) in base 8?
6
Convert -ad (base 14) to base 12.
-109
48 (base 13) to base 3
2020
Convert b (base 15) to base 5.
21
What is 66 (base 10) in base 16?
42
-77 (base 10) to base 4
-1031
Convert -11100001 (base 2) to base 13.
-144
What is 28 (base 11) in base 3?
1010
16 (base 12) to base 13
15
89 (base 12) to base 5
410
What is -16 (base 10) in base 2?
-10000
What is -41 (base 9) in base 16?
-25
1110 (base 2) to base 9
15
1110 (base 2) to base 16
e
3 (base 12) to base 3
10
-2 (base 14) to base 16
-2
4 (base 16) to base 15
4
What is bc (base 14) in base 2?
10100110
What is 111 (base 2) in base 3?
21
What is 0 (base 12) in base 4?
0
0 (base 6) to base 16
0
What is -10 (base 4) in base 14?
-4
-69 (base 14) to base 16
-5d
What is 5 (base 16) in base 15?
5
What is -11a (base 15) in base 11?
-208
101 (base 12) to base 9
171
-10 (base 2) to base 11
-2
-111011 (base 2) to base 4
-323
What is -11 (base 4) in base 13?
-5
Convert 19 (base 10) to base 6.
31
What is -107 (base 10) in base 14?
-79
-4 (base 13) to base 12
-4
What is -2 (base 16) in base 6?
-2
Convert 65 (base 14) to base 7.
155
Convert 3 (base 4) to base 8.
3
Convert 3 (base 6) to base 3.
10
-1 (base 9) to base 15
-1
Convert 1 (base 13) to base 2.
1
1 (base 6) to base 2
1
15 (base 6) to base 8
13
What is 4c (base 15) in base 11?
66
What is -202 (base 5) in base 13?
-40
Convert 1 (base 15) to base 14.
1
Convert 11 (base 5) to base 14.
6
What is -17 (base 11) in base 14?
-14
2 (base 15) to base 5
2
10 (base 2) to base 16
2
Convert -10 (base 4) to base 9.
-4
What is 0 (base 10) in base 9?
0
Convert -2 (base 16) to base 6.
-2
Convert 33 (base 13) to base 6.
110
Convert 1 (base 16) to base 4.
1
What is -12 (base 8) in base 4?
-22
What is -132 (base 5) in base 11?
-39
-5 (base 11) to base 5
-10
Convert -14 (base 10) to base 3.
-112
Convert -8 (base 12) to base 2.
-1000
What is -1044 (base 5) in base 6?
-405
What is 311 (base 8) in base 14?
105
646 (base 7) to base 9
404
Convert 1 (base 14) to base 10.
1
What is -10 (base 2) in base 3?
-2
What is -46 (base 8) in base 3?
-1102
Convert 23 (base 6) to base 7.
21
Convert 121 (base 3) to base 10.
16
Convert -1 (base 2) to base 8.
-1
Convert -1a (base 12) to base 10.
-22
What is -102 (base 7) in base 14?
-39
What is 10 (base 4) in base 3?
11
-34 (base 14) to base 11
-42
74 (base 9) to base 10
67
What is -1001100 (base 2) in base 12?
-64
Convert 40 (base 6) to base 7.
33
What is 9 (base 15) in base 12?
9
Convert a3 (base 11) to base 12.
95
What is 0 (base 15) in base 9?
0
What is -120 (base 9) in base 14?
-71
Convert -1 (base 9) to base 6.
-1
Convert 453 (base 7) to base 3.
22200
What is -a (base 11) in base 6?
-14
-92 (base 10) to base 11
-84
Convert -122 (base 3) to base 10.
-17
-42 (base 7) to base 16
-1e
Convert 4 (base 6) to base 8.
4
What is -101 (base 6) in base 9?
-41
What is -83 (base 14) in base 8?
-163
-4 (base 7) to base 4
-10
Convert 213 (base 5) to base 8.
72
What is -5 (base 7) in base 9?
-5
Convert 10 (base 9) to base 6.
13
Convert 38 (base 12) to base 8.
54
What is -1111001 (base 2) in base 3?
-11111
-100 (base 3) to base 13
-9
What is -13 (base 15) in base 16?
-12
What is -101010001 (base 2) in base 15?
-177
Convert 6 (base 13) to base 12.
6
102020 (base 3) to base 16
12f
1000 (base 2) to base 10
8
What is 0 (base 4) in base 9?
0
What is -1111 (base 2) in base 9?
-16
14b (base 13) to base 16
e8
What is